n base 11?
-16374a
What is -101201410 (base 7) in base 14?
-b002b0
What is -2030233012 (base 4) in base 16?
-8cbc6
Convert 2543851 (base 10) to base 16.
26d0eb
What is 3450517 (base 9) in base 7?
21561442
What is -2002222010122 (base 3) in base 4?
-10101300110
What is 2253296 (base 10) in base 5?
1034101141
What is 113087a (base 11) in base 4?
13202303312
Convert 1baa0c (base 16) to base 14.
352a04
220121001120120 (base 3) to base 11
74181aa
What is -410314341 (base 5) in base 13?
-45a770
What is -61599 (base 11) in base 14?
-24a8a
-91c6b (base 15) to base 14
-c041b
Convert 115a229 (base 11) to base 4.
13231001020
-15353153 (base 6) to base 3
-1000121212120
Convert -2c0ac (base 15) to base 5.
-14020122
-10000000011111000 (base 2) to base 9
-110213
-18308 (base 14) to base 9
-102557
Convert -5237735 (base 8) to base 2.
-101010011111111011101
What is 33033 (base 10) in base 4?
20010021
What is -112101200122220 (base 3) in base 11?
-435601a
What is 7439b (base 12) in base 2?
100101010000100111
Convert 19805 (base 13) to base 14.
14175
What is 642700 (base 10) in base 4?
2130322030
110656 (base 15) to base 6
25220343
Convert -660484 (base 9) to base 16.
-6034c
Convert -132420350 (base 6) to base 9.
-4873363
14203241 (base 6) to base 9
815317
What is -10120021010202 (base 3) in base 4?
-13032211310
Convert -1cd1 (base 14) to base 8.
-12237
What is 297aa (base 12) in base 9?
87704
Convert 26035 (base 10) to base 14.
96b9
What is -74a7071 (base 11) in base 4?
-302112320220
4040372 (base 8) to base 14
1da2a6
What is 2a915 (base 13) in base 14?
21555
What is -22607 (base 8) in base 13?
-44b0
What is 3006 (base 8) in base 4?
120012
Convert -23101303 (base 5) to base 9.
-344172
Convert 98487 (base 11) to base 5.
14033441
Convert -130628 (base 10) to base 6.
-2444432
-916877 (base 11) to base 14
-2a4c02
Convert -200403433 (base 5) to base 12.
-32376b
Convert -2422320243 (base 5) to base 10.
-5666948
What is -1399c6 (base 16) in base 7?
-13630021
What is -20132310011 (base 4) in base 2?
-1000011110110100000101
-4517112 (base 10) to base 2
-10001001110110011111000
-14abd (base 16) to base 5
-10202134
32311122 (base 6) to base 2
11101001111000111010
-77a587 (base 15) to base 3
-101201211210101
177cb (base 16) to base 13
34a33
What is 20950 (base 15) in base 13?
38070
What is -1113233 (base 7) in base 13?
-4aa80
-45154244 (base 6) to base 10
-1368244
What is 126327 (base 10) in base 13?
45666
-245272 (base 14) to base 3
-2100011210110
What is -1cc2c (base 14) in base 13?
-27740
3643068 (base 9) to base 13
542bb5
Convert -11221211111002 (base 3) to base 12.
-a70532
What is 100110000110011 (base 2) in base 15?
5ba7
Convert 1022232113 (base 6) to base 16.
a40b4d
What is 13200273 (base 8) in base 12?
ba2937
Convert 1201100202022 (base 3) to base 15.
1305a2
What is 31a66a (base 12) in base 10?
785458
Convert -33621245 (base 7) to base 11.
-1721139
10310640 (base 7) to base 10
876687
What is 59024 (base 13) in base 8?
475460
What is 13263 (base 7) in base 14?
1433
Convert -23423360 (base 7) to base 9.
-3810005
What is -67211 (base 14) in base 11?
-160a04
-211220110000 (base 3) to base 4
-1232010132
What is aadd4 (base 16) in base 3?
1022120000202
What is -12342132 (base 6) in base 16?
-62348
-57399 (base 13) to base 16
-26c61
Convert 922d (base 16) to base 13.
14057
What is -490a0 (base 13) in base 3?
-20211000102
What is 2b7bb (base 13) in base 4?
110023002
Convert 463b3 (base 16) to base 3.
112121121100
2006a0 (base 12) to base 11
310707
What is -1394907 (base 10) in base 9?
-2555406
221010130 (base 4) to base 8
510434
-214240030 (base 7) to base 6
-1135441204
-749dad (base 15) to base 10
-5551588
73c0d9 (base 15) to base 7
64550622
Convert 1971810 (base 11) to base 9.
6228142
1001000000001110011001 (base 2) to base 14
4561cd
What is -1626037 (base 8) in base 16?
-72c1f
What is 227730 (base 9) in base 2?
100001011011010101
2162a7a (base 11) to base 3
21010212002210
Convert -1130534440 (base 6) to base 7.
-212305665
203132011 (base 4) to base 14
3ad37
-2ab865 (base 14) to base 15
-1e6e84
1010011100111100111 (base 2) to base 7
2624360
What is -1928665 (base 10) in base 14?
-382c1b
-233323304 (base 5) to base 11
-673661
Convert -16513 (base 14) to base 16.
-da45
Convert -175d8 (base 16) to base 15.
-1d554
What is -10101211111112 (base 3) in base 10?
-1807556
1001210121122 (base 3) to base 4
2022121202
Convert -1608a58 (base 14) to base 6.
-1023021330
What is -50773752 (base 8) in base 16?
-a3f7ea
What is b4597 (base 14) in base 3?
211002020201
What is 2573 (base 9) in base 6?
12533
What is -395d (base 14) in base 7?
-41246
-7333830 (base 9) to base 5
-2000413104
Convert 35321 (base 8) to base 15.
46dc
1000005 (base 8) to base 10
262149
What is 1111042403 (base 5) in base 7?
26512506
460071 (base 9) to base 13
985c0
15c82ac (base 13) to base 2
11010110111101111011110
145688 (base 9) to base 2
10101110110100000
What is -3fda5 (base 16) in base 11?
-169555
What is 15747316 (base 8) in base 14?
6b2c46
Convert -268238 (base 10) to base 13.
-95129
2007415 (base 8) to base 6
15153033
What is 21210001201 (base 3) in base 4?
211120300
What is fd86fa (base 16) in base 2?
111111011000011011111010
Convert -343588 (base 11) to base 4.
-2011121223
102002211200 (base 3) to base 4
311113113
Convert 11001111101011111111 (base 2) to base 10.
850687
What is -212102120221 (base 3) in base 8?
-1604546
-120312211 (base 4) to base 13
-37447
What is -135410 (base 6) in base 10?
-12894
Convert -10011022000120 (base 3) to base 9.
-3138016
Convert 5049b (base 16) to base 13.
b68bb
What is 13a5a0 (base 14) in base 8?
2463240
1210767 (base 8) to base 15
686be
Convert 134828 (base 10) to base 8.
407254
-11211121221200 (base 3) to base 11
-14a6817
What is -22525a (base 13) in base 16?
-c6062
Convert -2a2619 (base 12) to base 4.
-2231023311
What is 1404000 (base 6) in base 13?
29a30
Convert 101000000101110111 (base 2) to base 16.
28177
What is 16004206 (base 7) in base 16?
175c21
b9ba52 (base 15) to base 13
1aaa52c
-69df (base 16) to base 2
-110100111011111
What is 1442970 (base 10) in base 16?
16049a
What is -16266734 (base 8) in base 15?
-4e526b
-41d05c (base 14) to base 11
-1290031
What is -330464 (base 7) in base 2?
-1110001000001010
What is 1fb2b (base 16) in base 9?
217081
-104023324 (base 6) to base 8
-7103444
Convert -229a247 (base 11) to base 8.
-17231144
Convert -25278215 (base 9) to base 16.
-bd1ad8
2131325 (base 6) to base 8
315545
1870569 (base 14) to base 5
11044231423
Convert 1609448 (base 11) to base 3.
12011201211000
Convert 12223030010 (base 4) to base 11.
a95695
2452514 (base 8) to base 4
2211111030
Convert -1211010222201 (base 3) to base 9.
-1733881
What is 1255424 (base 7) in base 14?
442bb
411323121 (base 5) to base 14
31587c
What is -1001110100010111011 (base 2) in base 13?
-b358c
1646358 (base 12) to base 11
2643670
34640646 (base 7) to base 4
23221013133
Convert -1566f (base 16) to base 2.
-10101011001101111
What is 51055205 (base 6) in base 4?
11202332111
What is -12cb63 (base 13) in base 9?
-765445
Convert -517620 (base 9) to base 12.
-129a99
Convert 183b8 (base 16) to base 15.
1e621
Convert -101111000111111000101 (base 2) to base 8.
-5707705
3086214 (base 9) to base 11
a28767
10120111000 (base 3) to base 9
116430
62552c (base 14) to base 3
20020121011000
-17f29 (base 16) to base 5
-11114324
What is -110110010110011001101001 (base 2) in base 4?
-312112121221
What is 115f71 (base 16) in base 10?
1138545
-67516 (base 12) to base 14
-38038
What is 412243 (base 7) in base 2?
10001001100101100
4784136 (base 9) to base 8
11713501
Convert 72733 (base 13) to base 9.
342854
5520145 (base 8) to base 15
1e456d
What is -1019bb (base 12) in base 8?
-754137
What is 10644321 (base 7) in base 3?
1202112022000
Convert -133200 (base 8) to base 10.
-46720
-2005143045 (base 6) to base 10
-20402309
Convert 29aecb (base 16) to base 10.
2731723
Convert 10060445 (base 7) to base 6.
25544242
Convert 3412224 (base 6) to base 11.
108991
What is -100111011001010100 (base 2) in base 14?
-42b40
73854 (base 12) to base 2
100101000000000000
Convert -408c5 (base 14) to base 7.
-1215035
What is -11031131031 (base 4) in base 6?
-45135153
Convert -215b12 (base 16) to base 7.
-24403120
Convert 1512440 